-11) + 7 + -10 + -9 + -3 + 6.
17
Calculate (2 - (3 + -1 - -64)) + (-107 - (15 + -120)).
-66
Calculate (-1 - -8 - (-167 - -157)) + -7 - -38.
48
Calculate -6 + (-1 - 3) + -2 + (-6 - -1 - 2).
-19
Calculate -128 + (16 - -46) - -15.
-51
What is (-52 - 18) + -75 + 107?
-38
What is the value of (-7 - 1) + (-72 - -79 - (-2 - (2 - 76)))?
-73
What is (0 - -109) + (-50 + 25 - (-20 - -9))?
95
What is the value of -209 + 302 + (-29 - -6)?
70
What is (-28 - (-131 - -42)) + -46?
15
What is the value of (75 + -8 + (10 - 14) - 8) + -17?
38
(3 - (13 - (9 + 7 - -11))) + 7 - 2
22
(-13 - (10 + -6 + 0)) + -990 + 1071
64
What is -11 + 23 + 1 - (36 - 10)?
-13
(21 - (22 + -30)) + -86 - -7
-50
4273 + -4216 - (42 - -2)
13
Evaluate 78 + -12 - (14 + (-41 - -33) - (15 - -1)).
76
What is the value of 114 - (29 + (-105 - -137))?
53
What is the value of 58 + -21 + 5 + -33?
9
What is the value of -26 + 1 + (-10 + -20 - -9)?
-46
What is 27 - 19 - (8 + (-10 - -2 - 8))?
16
187 + -174 - (20 + 0) - 14
-21
Evaluate (4 - 6) + 114 + (2177 - 2201).
88
Calculate -52 + (-36 - -52) + -20 + 17.
-39
Evaluate 30 + -9 + (28 - 26) + -37 + -2.
-16
Calculate -37 - (13 - (15 + (22 - 11) + -16)).
-40
0 - (34 - 95) - -5
66
What is the value of -3 + (-3 + -10 - -14) + 37 - 14?
21
What is the value of (-2 - -2 - 150) + (586 - 555)?
-119
What is the value of (16 + 7 + -20 - (13 + 0)) + -18 + 4?
-24
(22 - (1 + 4)) + -12 + (-54 - 11)
-60
-84 + (-133 - (139 - 427))
71
Calculate (7 - -1) + 11 + 2 + 12.
33
Evaluate -20 - (-26 + -26 + -13).
45
What is 129 - (130 + -67 + -24)?
90
What is -33 + -46 + 50 + 2?
-27
Calculate (-1 - -1) + 0 + (19 + -31 - 21).
-33
What is 0 + 42 - ((4 - 0) + (-4381 - -4375))?
44
-27 + (20 - -67) + -3
57
What is 2 - (-8 - (3 + 11 + -13)) - 44?
-33
What is the value of 6 - -77 - (-48 + 27 - -46)?
58
-17 + (-2 + 17 - (15 + -7)) + -13 + -7
-30
Evaluate -1 - (-1 - -8) - (69 + -133 + 31).
25
-215 - ((9 - 140) + 32)
-116
Calculate -23 + (55 - (62 + -24)).
-6
What is the value of (7 - 10) + 1 + (5 - -13 - (29 - 20))?
7
-11 + -12 + 1 - (10 - -45) - -21
-56
What is (-7 - -3 - -11) + (30 - 36) + 17?
18
What is 2 + -1 + (-63 - (-61 + -33)) - -20?
52
What is -6 + (-19 - (-11 - (8 + 2 + -41)))?
-45
-4 + (-30 - -9) + 7 + 26 + -4
4
What is the value of 2032 + -2019 + (2 - -9)?
24
What is 42 + -11 + -12 + 25 - 22?
22
4 - (78 - (-6 + 1)) - (10 - -2) - 1
-92
-26 + 2 + (94 - 57)
13
Calculate (6 - 33 - -6) + 28 + -1 + -31.
-25
(87 - (-12 - (-25 + 11 - 15))) + (4 - 5)
69
What is -60 + 3 + -22 + 14?
-65
Calculate -58 + (77 - 81 - -21).
-41
Evaluate 187 + (-128 - 2) - -16.
73
What is the value of (16 - 12 - (-1 + 3) - (-19 + -3)) + -10?
14
Evaluate 2 + (1 - (-3 + 15)) + -3016 + 2994.
-31
What is -24 - (0 + 2 + -1 + -30 + -20 + 59)?
-34
-90 + 18 + (9 - -104)
41
What is (8 - ((8 - -2) + 114 + -76)) + 8?
-32
What is the value of -2 - (0 + 20) - (53 - ((11 - -85) + -50))?
-29
What is 13 + 19 + 7 - -4 - (-14 + -1 - -4)?
54
Calculate (0 + -2 - -9) + (-14 - (-30 + -21)).
44
What is 0 - -3 - (83 - -13) - (-78 - (58 + -139))?
-96
Calculate -15 + (-59 - (-73 + -39)).
38
Calculate 29 + (-64 - (-123 + 13)).
75
What is (-67 - -15) + 132 - 75?
5
Calculate 156 + -75 + -74 + 0 + (0 - -4).
11
-30 - (-2 + -23) - (-48 + (0 - 2 - -4))
41
Evaluate -29 + 21 - ((1 - -9) + -8) - 10.
-20
Calculate (-5 - 56) + (-73 + 112 - 28).
-50
68 - (22 + -9 + (-6 - -17))
44
6 + -13 + 20 + (4 - -44) + -1
60
What is -87 + (107 - 36 - 6)?
-22
Calculate 27 - (99 - 51) - 24.
-45
Evaluate (68 - 193) + 55 + 13.
-57
35 + (-6 - -40) - (58 + -66 - (1 - 3))
75
15 + (29 - 137 - -54)
-39
0 + -5 - (92 - (181 - 21))
63
-2 + (-3 - (-5 + -4 + 6) - (-23 + 7))
14
What is -36 + (-6 + 17 - 7) + 72 + -75?
-35
What is the value of -136 - (-54 + 17 + -5 + 5)?
-99
Evaluate (-61 - -9 - 9) + 53.
-8
Evaluate 37 - (7 + -9) - (19 + 77).
-57
Evaluate 259 + (63 + 13 - 202).
133
What is 8 - 71 - (4 - 4)?
-63
What is (6 - (24 - 37 - -24)) + (0 - -1)?
-4
What is the value of (19 - -15) + -37 - (-27 + -8)?
32
What is the value of 9 - (-3 - ((19 - (21 - -19)) + 7))?
-2
What is the value of 511 + -521 + (-1 - -51)?
40
What is the value of 3 + -65 + -2 + -1 + 17?
-48
Calculate 2 - -31 - ((36 - 55) + 16 + 3).
33
What is the value of (-4 - 3) + (114 - (-18 - -7) - 16) + -9?
93
What is 6 + (98 - (51 - 28)) - 31?
50
What is the value of (-23 - 30) + 5 - (-1 - 8)?
-39
What is the value of (15 - -2) + (38 - (-19 + 80))?
-6
4 - -1 - 3 - 5 - (42 - -5)
-50
What is -9 + (47 - 127) - -167?
78
-63 - (2 - 76) - (0 + 6)
5
-16 - -9 - (2 + -2) - (-6 - (2 - -92))
93
What is the value of 48 + -51 + (15 - 2 - 2)?
8
-658 + 727 + -6 + -53
10
-456 + 457 + (3 - 3) + (61 - 1) - 11
50
What is the value of -7 + 94 + -94 + 46?
39
Evaluate 3 - -44 - ((4 - 8) + 6 + -7).
52
Evaluate (-26 - (-21 - (-33 + 36))) + (1 - (2 - 72)).
69
Calculate -1847 + 1829 - (0 + 1).
-19
91 - 7 - -17 - (-37 - -62) - -12
88
Calculate 49 - 14 - (-19 - (-50 - -21)).
25
What is the value of 18 - (161 - (164 - 80))?
-59
(-12 + 98 - 42) + -54
-10
What is the value of (41 - (-17 - -9) - -8) + 11 - 12?
56
What is the value of 17 - (35 - (32 - (-17 + 33)))?
-2
What is 0 + 4 + -6 - (12 - (150 + -21))?
115
What is 46 - 113 - -43 - -2?
-22
Calculate -2 + -7 + 14 + -6 + 53 + -43.
9
Evaluate 148 - ((24 - 16 - -1) + -17 + 16).
140
What is the value of -3 + 0 + (-6 - -13 - (33 - 31)) - 12?
-10
What is the value of 31 + (21 - -19) + (45 - 1)?
115
6 + -47 + (-50 - -115) + (3 - (2 - 0))
25
What is the value of (-2 + -26 - (-262 + 218)) + 0 + -10?
6
What is the value of -8 - 23 - (-19 - (-72 + 16))?
-68
What is the value of (-13 - (3 + -6)) + (18 - 2) + -8?
-2
Calculate 10 + (11 + -9 - (-14 + 20)) + 1 + 43.
50
Evaluate 30 + -5 + -3 - 9 - (4 - 11).
20
What is the value of -59 + -6 + 9 + 7 + -39?
-88
119 + -4 + (-17 - 39) + 28
87
(-4 - 1) + 4 - (89 + -30 - (5 + -1))
-56
(331 - 349) + 46 + 0
28
Calculate 12 + -1 + 1 + 47 + -48 + 25.
36
What is (-8 - -22) + (1 - (1 - 15)) + -59?
-30
12 - (-6 + 47 + -84)
55
What is -2 - (-16 + -4 + 14 - -17 - -2)?
-15
Evaluate 72 + (-14 + -5 - -7) + -12.
48
Evaluate 41 + (4 - 14) + -4 + 16 - -1.
44
What is the value of -14 + 24 + -79 + (5 - 4 - (13 + -18))?
-63
What is -7 + 6 - (45 - (-2 + 0 + -3 - -9))?
-42
Calculate (-81 + 2 - 7) + -14 + 15 + (-10 - -5).
-90
Evaluate 665 + -612 + -8 + -5.
40
What is 18 - 8 - (0 + -74 - 2) - 7?
79
Evaluate -45 + 1 + (5 + -6 - 7) + 9.
-43
What is -34 - -2 - (6 + -17) - -7 - 46?
-60
What is 0 + -16 + 260 + -1 + -192?
51
What is the value of 43 + (-9 + 2 - 6) + -16 + 25?
39
Evaluate (1 - -44) + -113 + (80 - -11).
23
What is the value of 14 - (0 + -1) - (-25499 + 25514)?
0
What is -32 + 96 + -103 + 84?
45
Calculate -52 + (-10 - -41 - (40 - 18)).
-43
What is the value of (-35 - -32) + -14 + 0 + -6 + 5?
-18
What is -14 + -6 + -3 + 7 + -9 + (-4 - -16)?
-13
What is the value of -45 + 64 + (-19 - 5) + 60?
55
What is -58 + (-96 - -105 - (-7 - -3))?
-45
What is 41 + -7 - 12 - (-47 + -2)?
71
(2 - 0 - -3) + 6 + (151 - 169)
-7
What is (63 - (20 + -3 + (-20 + 3 - -12))) + -9?
42
Calculate -2 + (-138 - -152) + -3 + 17.
26
Calculate -13 - (36 - 35 - 41).
27
(17 + -18 - 16) + (0 - -1 - (3 + -1))
-18
Calculate (23 - (55 + -48)) + 10.
26
Evaluate (0 - -22) + 978 + -982.
18
Evaluate -12 + (-2 - (-7 + (9 - (9 - -1)))) - -63.
57
Evaluate -13 + (7 - (8 + -4 + 3)) + -14.
-27
What is the value of -81 - -16 - (-25 - (-12 + 4)) - 4?
-52
What is the value of -148 + 59 - (-28 - -7)?
-68
What is (-3 - -6) + (8 - -1) + (5 + -5 - 12)?
0
Calculate 0 - (-2 + -2 + -13 - (1 + -3)).
15
Evaluate (144 - (-25 - -55)) + -180.
-66
13 - (-9 + (-10 - -5 - -15)) - 74
-62
Calculate (-93 - -33) + (9 - (-1 - -30)).
-80
What is the value of (-7 - -113 - (-13 + 9)) + -37?
73
3 + (-39 + 30 - 12) - -14
-4
-53 + -128 + 63 + 25
-93
Calculate -51 + (109 - (-35 - -92)).
1
What is -226 + (23 - -210) + (33 - 1)?
39
What is the value of -6 + -2 + (-2 - -17) - (114 - 72)?
-35
11 + (-16 - (-35 + (17 - (3 - -9))))
25
What is the value of 6 + (17 + -8 - (166 + 3 + 65 + -75))?
-144
What is the value of -8 + (-3 - (2 - ((-14 - 8) + -4)))?
-39
-5 + 0 + (-13 - -18) + -48 + 28 + 22
2
What is the value of -16 + 2 - ((1 - 47) + 24 + -22)?
30
Evaluate (1 - 2) + -13 - (-2264 + 2293).
-43
Evaluate (9 + -58 + 97 - 43) + (-2 - -4) + 48.
55
What is (-101 - -